 g = -h - h + 12. What are the prime factors of u(h)?
5
Let m(a) = 5*a**2 + 13*a - 9. List the prime factors of m(-6).
3, 31
Let o(x) = -x**2 + 5*x - 4. Let r be o(3). Suppose 5*l = -5*u, -r*u + l + 1 = -14. List the prime factors of (-6)/u*(-2 + -3).
2, 3
Let x be (-1 + 1)/(5/5). Suppose 4*m + x*m = 0. Suppose 0 = 5*h - z - 98, -4*z = -h - m*z + 12. List the prime factors of h.
2, 5
List the prime factors of -685*((-30)/25)/3.
2, 137
Let l(n) = 2*n**2 + 2*n - 4. Let a(r) = 2*r - 5. Let g be a(7). Let w = 6 - g. What are the prime factors of l(w)?
2
List the prime factors of 4 - 236/(-4 - 0).
3, 7
Let n = 2 - 2. Suppose -2*u - 11 + 39 = n. What are the prime factors of u?
2, 7
Suppose 0*f = 2*f - 66. Suppose -5*l + f = -2*x, -4*l - 5*x = -7*l + 35. List the prime factors of (-2)/l - 34/(-10).
3
Let v(o) = -o + 4. Let m be v(4). Suppose -2*u + 57 + 15 = m. What are the prime factors of u?
2, 3
Suppose 6 = w + 1. Suppose -w*b + 2*q - 5 = 13, 0 = 5*b + 3*q - 2. List the prime factors of b/(-9) - 43/(-9).
5
Let w = 5 + -1. Suppose 45 = 5*o + 5*g - 25, 0 = -3*o - w*g + 46. What are the prime factors of o?
2, 5
Suppose -6*y + 300 = -y. What are the prime factors of y?
2, 3, 5
Suppose 4*x + 4*v - 16 = 0, -2*v + 4 = -6. Let s be (x/(-1))/((-4)/20). Let k = 15 + s. What are the prime factors of k?
2, 5
Suppose 3*a - 5*a = 2. Let s = -23 + a. Let o = s - -38. What are the prime factors of o?
2, 7
Suppose 0 = -3*q + a - 18, -q + 18 = -4*q - 3*a. List the prime factors of 8/(-24) - 92/q.
3, 5
Suppose m - 231 - 146 = -5*v, 383 = 5*v - m. What are the prime factors of v?
2, 19
Let i(y) = 8*y + 7. Let r(a) = 17*a + 14. Let w(n) = 5*i(n) - 2*r(n). What are the prime factors of w(5)?
37
Let h = 30 + 123. What are the prime factors of h?
3, 17
Let q(o) = -o - 3. Let d be q(9). List the prime factors of 330/7 + d/84.
47
Suppose 3*j - 1 = 2. Let u = j + 3. List the prime factors of u*3*(-10)/(-24).
5
Suppose 4*a - 44 = -2*f, -f + 0*f - a = -23. List the prime factors of f.
2, 3
What are the prime factors of (14/(-6))/((-2)/6)?
7
List the prime factors of 153/2 + 19/(-38).
2, 19
Let s(y) = 110*y - 1. List the prime factors of s(1).
109
Suppose 5 = 7*w - 30. What are the prime factors of w?
5
Suppose h - 4 = 4. Let g be h/3*45/4. Suppose 2*w + w = g. List the prime factors of w.
2, 5
Suppose i + 1 = 15. List the prime factors of i.
2, 7
Let s(q) = q**3 + 5*q**2 - 3*q - 6. Let o be s(-5). Let n be 2/3 - (-57)/o. Suppose 0 = -2*u + n*u - 65. List the prime factors of u.
13
Let b(j) = -j**2 - 2*j + 3. Let t be b(6). Let w = -26 - t. Suppose q = -5*n + 19, -3*q + 0*n + w = -4*n. List the prime factors of q.
3
Suppose 2 = -5*z - 2*r, 3*z - 3*r + 18 = -0*r. What are the prime factors of (0 - z) + (26 - -2)?
2, 3, 5
Let y(m) = 2*m**2 - m - 30. List the prime factors of y(9).
3, 41
Let q be (0 + -1 - 2)*-1. List the prime factors of (-4 + q)*(-3 - 27).
2, 3, 5
Let p = 3 + -9. Let l = -3 - p. Suppose -4*x + 20 = -3*q, l*x - 36 = -x - q. What are the prime factors of x?
2
Let c(k) = 7 + 6*k + k + k. List the prime factors of c(5).
47
Let h(x) = x**3 + 3*x**2 - 5*x - 5. Let q be h(-4). List the prime factors of (0 - -10) + q + 4.
13
Let i(z) be the first derivative of 2*z**2 + z + 2. Let q(f) = 2*f**2 - f + 1. Let h be q(1). List the prime factors of i(h).
3
Let k = 22 + -43. Let h = -13 - k. List the prime factors of h.
2
Let v = 3 - 4. Let s be (-2 + (-1 - -4))/v. Let c = s - -5. What are the prime factors of c?
2
Let q = -1 - -4. Suppose q + 6 = w. List the prime factors of w.
3
Let k be (12*1)/(5 + -3). Let n = k - 0. What are the prime factors of n?
2, 3
Let x(c) = 2*c**2 - 14*c - 26. List the prime factors of x(11).
2, 31
Suppose -4*b + 18 = 5*h, 5*h - 3*b - 1 = 3. List the prime factors of h.
2
Let t = -37 - -39. What are the prime factors of t?
2
Let k = 68 - -12. List the prime factors of k.
2, 5
Let j = 11 - 0. List the prime factors of j.
11
Let o(c) = c - 1. Suppose 9 = -2*h + 21. Let g be o(h). Suppose 2*w = -0*t + g*t - 49, -2*t + 26 = -4*w. What are the prime factors of t?
3
Let l be 402/(-33) + 2/11. Let w be (-1)/(-4) + 39/l. What are the prime factors of (w - (-4)/2)*-13?
13
Suppose -1 - 2 = -3*g. Let h(q) = -16*q - 8*q + 7*q**2 + 25*q - 1. What are the prime factors of h(g)?
7
Let j = 89 - 9. Suppose 3*q = -2*q + j. Suppose -2*w + m + q = -3*m, 4*w + 2*m = 22. What are the prime factors of w?
2, 3
Let p(r) = r**2 - 6*r + 2. Let d be p(5). Let n be -2 + (0/d - -4). Suppose -n*y - 1 + 17 = 0. List the prime factors of y.
2
What are the prime factors of -3 + 2 + 101 - 1?
3, 11
Let d(t) = -t**2 + 8*t + 12. Let b be d(9). Let x be (1 + 3/(-2))*0. Let f = x + b. What are the prime factors of f?
3
Let i(y) = -85*y - 2. List the prime factors of i(-1).
83
Let g be 2/(-7) - (-40)/(-7). Let w be (-42)/g*12/14. Suppose 2*b - 8 = w. What are the prime factors of b?
7
Let i = -25 - -64. What are the prime factors of i?
3, 13
List the prime factors of (-154)/(-4) + 1/2.
3, 13
Suppose 2*m - 246 = -4*d, 5*m = -0*m + d + 560. What are the prime factors of m?
113
Suppose -6*r = -2*r - 108. Suppose -2*w + 5 = -4*i - r, -4*w + 5*i = -52. What are the prime factors of w?
2
Suppose -5*i - 20 = 10. Let d = -3 - i. List the prime factors of d.
3
Let c = -59 + 89. What are the prime factors of c?
2, 3, 5
Suppose p - 195 - 12 = 2*q, -5*p + 979 = 4*q. List the prime factors of p.
199
Let u be -14*1*(-1 + 2). Let g = -2 - u. What are the prime factors of 18/g - 7/(-2)?
5
Suppose 5*s = -3*b - 2 + 4, 3*b = -2*s + 8. Suppose -4*t + 44 = -2*u, 3 = -t + 5*u - b. List the prime factors of t.
13
Let t(y) be the second derivative of 3*y**5/4 - y**4/12 - y**3/6 + y**2/2 - y. What are the prime factors of t(1)?
2, 7
Suppose -2*x = -x + 3*l + 3, -37 = -x + 5*l. Suppose -4*v + 0*v = -x. Suppose j = 2*t + 4, 3*j - v*t = 2*j - 1. List the prime factors of j.
2, 7
Let t(a) = -a**2 - 3*a - 1. Let v be t(-3). What are the prime factors of (-74)/(-8) - v/(-4)?
3
Suppose -22 = -3*t - 5*u + 3*u, 5*u = -3*t + 37. Suppose t*x + 7 = y - 4, 4*y + 5*x = 65. List the prime factors of y.
3, 5
Let n be 2/(-8) + 17/4. Let j(p) be the third derivative of p**6/120 - p**5/15 + p**4/24 + p**3/6 + p**2. List the prime factors of j(n).
5
Let t = 4 + -2. What are the prime factors of t?
2
Suppose -4*y = y - 5*n - 5, n = -y + 5. Let x = y - 16. Let g = 23 + x. What are the prime factors of g?
2, 5
Let r = 9 + -4. Suppose g = m - r, g = 3*g + 2*m - 10. Suppose 11 = 2*i - 3*k, -i + 7 = -g*i - 3*k. What are the prime factors of i?
2
Suppose 8*k - 20 = 3*k. List the prime factors of k.
2
What are the prime factors of 5555/15 - (-2)/(-3*2)?
2, 5, 37
Suppose 6 = 2*t - 3*z + 5*z, 4 = 4*z. What are the prime factors of t?
2
Let x = 119 - 51. What are the prime factors of x?
2, 17
Suppose 0 = -3*o - i + 381, -2*i + 127 = o - 0*i. List the prime factors of o.
127
Let s be 0/(6/((-3)/(-1))). Suppose 32 = 3*v + 2*l + 10, 5*v - l - 15 = s. List the prime factors of v.
2
Let y(z) be the first derivative of z**3 - 3*z**2/2 - 2*z + 1. What are the prime factors of y(3)?
2
Let w = 5 + -3. Suppose w*k + 0*k = 48. List the prime factors of (3 - 2)/(2/k).
2, 3
List the prime factors of -57*(1 - 5/((-60)/(-56))).
11, 19
Suppose -f + 10 = 4*f. Suppose -f*o + 20 = 3*o. Suppose -o*u = 4*r - 40, 5*u = -0*u. What are the prime factors of r?
2, 5
Let w = 12 - 7. What are the prime factors of 7/4 + w/20?
2
Suppose 77 = 2*h - 3*p + 2*p, 0 = h - p - 40. What are the prime factors of h?
37
Let l(z) = -z**3 + 7*z**2 - 6*z + 2. Let a = 6 + 0. Let r be l(a). What are the prime factors of 7 + (-1 + 2)*r?
3
Let l(m) = m**2 - 5*m - 2. Suppose -5*v + 37 = 7. Let i be l(v). Let o(x) = x**2 - 5. What are the prime factors of o(i)?
11
Let o be 4 - 19 - (-2)/(-2). Let i = 22 + o. Suppose n - i = -n. What are the prime factors of n?
3
Let d be -1 + (-12 - -1) + -3. Let k = 21 + d. What are the prime factors of k?
2, 3
Let t(l) = -l**2 - 6*l - 2. Let b(h) = h**2 + 7*h + 1. Let v(k) = -6*b(k) - 5*t(k). Let u(i) = -4*i + 21. Let m be u(8). List the prime factors of v(m).
3, 5
Let s(r) = 100*r**2 - r + 1. Let o be s(1). Suppose -o = -5*g + 65. List the prime factors of g.
3, 11
Suppose -2*x - 6 = 2*h, h + 5*x + 8 + 3 = 0. Let f be 3*-1 + (-1)/h. What are the pri